igit of v?
0
Suppose 2*b + 39 - 151 = 0. What is the units digit of b?
6
Suppose -k + 2*k - 5 = 0. Suppose -2*d + 7*w - 4 = 4*w, -k*w + 20 = 0. Suppose -d*r = -13 - 7. What is the units digit of r?
5
Suppose 4*s = 15 + 5. What is the units digit of s?
5
Suppose -12 = -4*g - 0*g. Suppose -3*q + 2*q = -g. Suppose q*s = 8 + 34. What is the units digit of s?
4
Suppose 0*j + 160 = 2*j. What is the tens digit of j?
8
Suppose 3*t + 5*h = 15, -2*t + h - 2*h = -3. Suppose t = 4*p - 76. What is the tens digit of p?
1
Let c(q) be the third derivative of -q**5/60 - 5*q**4/12 + 5*q**3/3 + 5*q**2. What is the tens digit of c(-8)?
2
Suppose -q - 5 = 0, 4*z - 49 = 3*q - 2. What is the units digit of z?
8
Let x = -9 + 15. What is the units digit of x?
6
Let a(j) = -j + 218. Let h be a(0). Suppose -h = -5*t + c - 50, 3*t = c + 102. What is the units digit of t?
3
Suppose -11 = -5*i + 4. Suppose -5*n - 14 = 3*r, -i = r - n + 7. What is the units digit of 24/r - (-8 + 1)?
4
Suppose 5*d - 17 = -2*w, -5*w + 3*w + 2*d + 10 = 0. Suppose 0 = -3*y + w. What is the units digit of y?
2
Suppose -176 = -4*p - 0*p. What is the tens digit of p?
4
Let p be -20*9/(-15)*2. Suppose -3*o + p = o - 5*y, -5*o - 3*y + 67 = 0. What is the tens digit of o?
1
Suppose 2*o + 5 = 15. Suppose z - o*z + 48 = 0. What is the tens digit of z?
1
Let z be (2 - 0) + -1 + -2. Let g = z - -5. What is the units digit of g?
4
Suppose 0*z - 40 = -z. What is the units digit of z?
0
Suppose 9 = 5*n - 16. Let u(t) = t**3 + 7*t**2 + 7*t + 6. Let h be u(-6). Suppose h = o - 4*r + 10 + 5, -r = -n*o + 20. What is the units digit of o?
5
Let y = -5 - -8. Suppose -11 = y*m - 116. Let f = m + -21. What is the units digit of f?
4
Let t = 15 - 5. What is the tens digit of t?
1
Let r(b) be the second derivative of b**5/20 + 7*b**4/12 + 2*b**3/3 - 3*b**2 + 7*b. What is the tens digit of r(-5)?
2
Let c(b) = b**3 - 7*b**2 - 3. Let g be c(7). Let u = 5 - g. Suppose 0 = -3*z + 2*z + u. What is the units digit of z?
8
What is the tens digit of (-61)/(-3) - (-9)/(-27)?
2
Let b = -9 + 14. Suppose -5*t - 41 = -3*i, 2*t - 3 = -3*i + 10. Suppose -l - 3*u - 2*u = -i, -4*l = b*u - 13. What is the units digit of l?
2
Let z be 10*(2/(-4) + 1). Let w(g) = -g**3 + 5*g**2 + g + 3. What is the units digit of w(z)?
8
Let t(w) = -w**3 - 4*w**2 - 7*w - 4. Let q be t(-5). What is the units digit of q/6 + (-1)/3?
9
Suppose -3*q = -602 - 46. What is the units digit of q?
6
What is the tens digit of (-21)/(-14) + (-62)/(-4)?
1
Suppose 0 = -5*d - 0*c + 2*c - 1, 0 = -2*d + 4*c + 6. What is the units digit of (d - 0)*-1 - -11?
2
Let o = -2 + 4. What is the tens digit of (-4 + 5)/(o/22)?
1
Suppose a + 0*a + 3 = p, 2*a - p = -11. Let w be a/(-2) + 0 + -3. What is the units digit of ((-2)/((-4)/18))/w?
9
Suppose 4*g = -2*a, a - 2*g + 6*g = 6. Let q(h) = h**2 + 3*h - 5. What is the tens digit of q(a)?
1
Suppose -9 + 1 = -4*p. Let q be p/4*1*-12. Let t = 8 + q. What is the units digit of t?
2
Suppose l + 2 = -2*h, -2*h - 29 = -3*l - h. Let w(b) be the first derivative of -b**3/3 + 7*b**2/2 + 10*b - 3. What is the units digit of w(l)?
2
Suppose -a - 2*u = 3*a - 32, 0 = 4*a + 4*u - 32. Suppose -2*s + s = -a. What is the units digit of s?
8
Suppose 5*t = 6*t + 3. Let a = t - -2. Let y(l) = -10*l. What is the units digit of y(a)?
0
Suppose 3*c + c - 39 = j, -5*c - 2*j = -39. What is the units digit of c?
9
Let w = -11 - 9. Let h = w + 33. What is the tens digit of h?
1
Let m(d) be the first derivative of 4*d**3/3 - 9*d**2/2 - 3. Let i be m(6). What is the units digit of (2/(-3))/((-12)/i)?
5
Let i(w) = -w**2 - 16*w - 8. Let p be i(-8). Suppose -p = 3*g + g. What is the units digit of -3 + g/(-2) + 2?
6
Suppose -4*r + 6 = -3*q - 38, -5*r = q - 74. Suppose -23 = -o - r. What is the units digit of o?
9
Let c be (-2)/9 + (-188)/(-36). Suppose c*m = 100 + 25. What is the units digit of m/4 + 3/(-12)?
6
What is the units digit of 142 - 0/(25/(-5))?
2
Suppose -13*r = -193 - 67. What is the units digit of r?
0
Suppose -4*m = -551 - 141. What is the units digit of m?
3
Let v(t) = 4*t**3 + t. Let l be v(1). Suppose -5*c = 3*p - 27, 3*p - l*c = -4*c + 27. What is the units digit of p?
9
Let u(t) = 20*t. What is the tens digit of u(6)?
2
Let d be -2*(2 + (-6)/4). Let a be (-1 - 0)*(0 + 2). What is the units digit of (d + a)/(0 - 1)?
3
Let r(h) = h - 6. Let c(j) = -2*j + 6. Let s(g) = 2*c(g) + 3*r(g). What is the units digit of s(-9)?
3
Let q(z) = z**3 + 12*z**2 - 15*z. What is the units digit of q(-13)?
6
Suppose -4*d - 16 = 0, 4*m + 9 = 4*d + 37. Suppose -m*j - 2*j = -30. What is the units digit of j?
6
Let m(b) = b**3 - 6*b**2 + b - 6. Let g be m(6). What is the units digit of (18 + g)*9/18?
9
Let o(i) = -i**2 + 26*i - 42. What is the units digit of o(14)?
6
Let n be 5/20 - 19/(-4). Suppose 2*d - 5*y + 0 + 1 = 0, -4*y + 10 = 3*d. Suppose -2*h + 0 = n*f + 9, d*f = h - 18. What is the units digit of h?
8
Let f(w) = -w + 6. Let a be f(4). Let y(k) = -3 - 2*k**a + k**2 + 0 - 7*k. What is the units digit of y(-6)?
3
Let c(m) = -m**3 - 3*m**2 - 2*m - 3. Let u be c(-3). Suppose 1 - 7 = 3*h, -u*b + 3*h + 192 = 0. Suppose -b - 28 = -5*j. What is the tens digit of j?
1
Suppose -o - 5*j = -14, 5*o + 3*j + 2*j - 10 = 0. Let v = o + 1. Suppose 2*s - 4*d - 12 = v, 8*d = -3*s + 5*d + 36. What is the tens digit of s?
1
Let u(o) be the second derivative of o**5/20 + o**4/3 + o**3/2 + 3*o**2 - 2*o. Let k be u(-4). Let b = k + 8. What is the units digit of b?
2
Let x(z) = 2*z - 22. Let q be x(-9). What is the units digit of (-16)/q - 73/(-5)?
5
Let i(y) = 7*y**2 + 5*y - 9. What is the units digit of i(4)?
3
Let y = -5 + 14. Suppose -2*z + 3 = -3*f, 5*f + 3 + 2 = 3*z. Suppose r = -z + y. What is the units digit of r?
9
Suppose 2*f = -s + 29, 0 = -3*s + 2*f + 125 - 46. Suppose s = j - 2*u, -3*j + 3*u + 18 + 69 = 0. What is the units digit of j?
1
What is the units digit of (-119)/34*8/(-7)?
4
Suppose -3*l = -4*g - 68, -4*l - 117 = -9*l + 3*g. Let b be ((-1)/(-3))/(6/54). Suppose -b*c + l = -c. What is the tens digit of c?
1
What is the hundreds digit of (1090/(2 - 7))/(-2*1)?
1
Let s(k) = 3*k - 1. Let h be s(-6). Let n = 48 - 15. Let x = n + h. What is the units digit of x?
4
Suppose 4 = -3*t + 2*t, -5*d = -4*t + 29. What is the units digit of (2 + d/3)*-10?
0
Let k = 13 - -24. What is the units digit of k?
7
Let x = 3 + 8. Let t = -5 + x. What is the units digit of t?
6
Let q = 215 + -81. What is the units digit of q?
4
What is the tens digit of ((-6)/36 + 29/30)*65?
5
Suppose -4*f + 5 = -3. Let o be f/(-4) - 3/(-6). Suppose o = -b + 2. What is the units digit of b?
2
Let r(n) = -n**2 + 12*n - 11. Let w be r(11). Suppose 27 = 3*b - w*b. What is the units digit of b?
9
Let u(q) = q**2 + 10*q + 13. Let l be u(-9). Suppose l*c - 5*f - 212 = 0, 4*c + f + f - 184 = 0. What is the tens digit of c?
4
Suppose 4*o = -c + 128, 4*c + c + 152 = 4*o. What is the tens digit of o?
3
What is the tens digit of (-3)/12 + 1045/20?
5
Suppose 40*f - 36*f = 4. What is the units digit of f?
1
Let u(a) = -a**3 + a - 1. Let c(f) = -7*f**3 + 3*f**2 + 11*f - 11. Let g(s) = c(s) - 6*u(s). Let t be g(4). What is the units digit of 1 + t + 6 + -1?
5
Let v = 64 + -8. What is the units digit of v?
6
Let q be 4/(-3)*(0 + 3). Let w be q/(-10) - 72/(-20). Suppose -3 = -c + w. What is the units digit of c?
7
Let y = -89 + 165. What is the tens digit of y?
7
Suppose 2*s - 3*t - 298 = 0, 4*t + 264 = 5*s - 488. What is the units digit of s?
2
Suppose 0*q = q + 8. Let p = -2 + 13. Let f = q + p. What is the units digit of f?
3
Let n(y) = -23*y + 1. What is the units digit of n(-1)?
4
Let o(w) = -2 - 7 - w + 2*w. What is the units digit of o(12)?
3
What is the tens digit of 2/(3/(-169)*(-20)/30)?
6
Let h = 7 - 10. Suppose -3*a - 6 = 2*b, 4*b = -2*a + 3*a - 26. What is the units digit of (9/b)/(h/8)?
4
Suppose r + 245 = 6*r. What is the tens digit of r?
4
Suppose -71 = -3*n + 7. What is the tens digit of n?
2
Let c = 24 - -25. Let a be 315/c + 3/(-7). What is the units digit of (-2)/a + (-16)/(-12)?
1
Let l(m) = 8*m**2 - m - 3. Let f be l(-3). Suppose 0 = -7*p + 3*p + f. Suppose -2*c = -2*q - 2*q + p, 2*q = 5*c + 5. What is the units digit of c?
1
Suppose 0 = 5*n - 112 + 32. What is the tens digit of n?
1
Suppose -4*